ainder when 77 is divided by 40.
37
What is the remainder when 394 is divided by 140?
114
Calculate the remainder when 565 is divided by 63.
61
What is the remainder when 12 is divided by 6?
0
Calculate the remainder when 104 is divided by 63.
41
What is the remainder when 287 is divided by 82?
41
Calculate the remainder when 1684 is divided by 100.
84
Calculate the remainder when 21926 is divided by 91.
86
Calculate the remainder when 381 is divided by 335.
46
Calculate the remainder when 1042 is divided by 197.
57
What is the remainder when 4126 is divided by 18?
4
Calculate the remainder when 471 is divided by 28.
23
Calculate the remainder when 2921 is divided by 140.
121
What is the remainder when 22 is divided by 5?
2
What is the remainder when 488 is divided by 267?
221
Calculate the remainder when 240 is divided by 82.
76
Calculate the remainder when 365 is divided by 13.
1
What is the remainder when 143 is divided by 26?
13
What is the remainder when 417 is divided by 106?
99
Calculate the remainder when 162 is divided by 82.
80
What is the remainder when 451 is divided by 33?
22
Calculate the remainder when 340 is divided by 34.
0
Calculate the remainder when 350 is divided by 10.
0
Calculate the remainder when 406 is divided by 17.
15
Calculate the remainder when 18 is divided by 8.
2
What is the remainder when 4120 is divided by 217?
214
Calculate the remainder when 509 is divided by 147.
68
What is the remainder when 229 is divided by 54?
13
Calculate the remainder when 398 is divided by 43.
11
What is the remainder when 3624 is divided by 125?
124
What is the remainder when 39 is divided by 8?
7
Calculate the remainder when 4095 is divided by 241.
239
What is the remainder when 341 is divided by 200?
141
Calculate the remainder when 2253 is divided by 47.
44
Calculate the remainder when 11967 is divided by 105.
102
What is the remainder when 503 is divided by 101?
99
What is the remainder when 3594 is divided by 897?
6
What is the remainder when 638 is divided by 153?
26
What is the remainder when 598 is divided by 24?
22
What is the remainder when 1341 is divided by 45?
36
Calculate the remainder when 719 is divided by 73.
62
Calculate the remainder when 1187 is divided by 29.
27
What is the remainder when 78 is divided by 17?
10
Calculate the remainder when 1400 is divided by 17.
6
What is the remainder when 3841 is divided by 61?
59
What is the remainder when 94 is divided by 45?
4
What is the remainder when 199 is divided by 95?
9
Calculate the remainder when 193 is divided by 50.
43
Calculate the remainder when 987 is divided by 90.
87
Calculate the remainder when 65 is divided by 15.
5
Calculate the remainder when 235 is divided by 49.
39
What is the remainder when 56 is divided by 32?
24
What is the remainder when 193 is divided by 66?
61
Calculate the remainder when 984 is divided by 248.
240
Calculate the remainder when 32 is divided by 27.
5
Calculate the remainder when 129 is divided by 7.
3
What is the remainder when 514 is divided by 102?
4
Calculate the remainder when 9 is divided by 6.
3
What is the remainder when 33255 is divided by 69?
66
Calculate the remainder when 813 is divided by 37.
36
What is the remainder when 21 is divided by 11?
10
What is the remainder when 114 is divided by 30?
24
Calculate the remainder when 107 is divided by 25.
7
What is the remainder when 5404 is divided by 53?
51
What is the remainder when 54 is divided by 13?
2
Calculate the remainder when 1024 is divided by 342.
340
Calculate the remainder when 2779 is divided by 20.
19
Calculate the remainder when 101 is divided by 26.
23
What is the remainder when 399 is divided by 35?
14
Calculate the remainder when 235 is divided by 30.
25
Calculate the remainder when 7809 is divided by 252.
249
What is the remainder when 104 is divided by 8?
0
What is the remainder when 57 is divided by 6?
3
Calculate the remainder when 2005 is divided by 144.
133
Calculate the remainder when 785 is divided by 10.
5
What is the remainder when 44 is divided by 6?
2
What is the remainder when 1481 is divided by 13?
12
What is the remainder when 262 is divided by 50?
12
What is the remainder when 486 is divided by 17?
10
What is the remainder when 8432 is divided by 7?
4
What is the remainder when 599 is divided by 30?
29
Calculate the remainder when 7433 is divided by 19.
4
Calculate the remainder when 1028 is divided by 261.
245
Calculate the remainder when 298 is divided by 42.
4
Calculate the remainder when 131 is divided by 44.
43
What is the remainder when 493 is divided by 31?
28
What is the remainder when 3582 is divided by 112?
110
What is the remainder when 76 is divided by 14?
6
What is the remainder when 339 is divided by 25?
14
What is the remainder when 2703 is divided by 104?
103
Calculate the remainder when 147 is divided by 80.
67
Calculate the remainder when 927 is divided by 10.
7
What is the remainder when 789 is divided by 247?
48
Calculate the remainder when 474 is divided by 95.
94
What is the remainder when 5193 is divided by 98?
97
Calculate the remainder when 4443 is divided by 38.
35
Calculate the remainder when 471 is divided by 41.
20
Calculate the remainder when 72 is divided by 72.
0
Calculate the remainder when 508 is divided by 10.
8
What is the remainder when 989 is divided by 31?
28
What is the remainder when 406 is divided by 144?
118
What is the remainder when 12178 is divided by 28?
26
What is the remainder when 309 is divided by 26?
23
What is the remainder when 359 is divided by 15?
14
Calculate the remainder when 379 is divided by 53.
8
Calculate the remainder when 48 is divided by 28.
20
Calculate the remainder when 50 is divided by 3.
2
What is the remainder when 82 is divided by 10?
2
What is the remainder when 120 is divided by 71?
49
Calculate the remainder when 2073 is divided by 672.
57
Calculate the remainder when 2923 is divided by 25.
23
Calculate the remainder when 252 is divided by 15.
12
Calculate the remainder when 366 is divided by 43.
22
Calculate the remainder when 1098 is divided by 201.
93
Calculate the remainder when 339 is divided by 49.
45
What is the remainder when 143 is divided by 25?
18
What is the remainder when 3665 is divided by 1822?
21
Calculate the remainder when 62 is divided by 41.
21
Calculate the remainder when 134 is divided by 67.
0
Calculate the remainder when 1353 is divided by 668.
17
What is the remainder when 415 is divided by 22?
19
Calculate the remainder when 125 is divided by 76.
49
Calculate the remainder when 1774 is divided by 33.
25
Calculate the remainder when 3 is divided by 1.
0
What is the remainder when 1097 is divided by 38?
33
Calculate the remainder when 706 is divided by 135.
31
What is the remainder when 914 is divided by 18?
14
Calculate the remainder when 218 is divided by 44.
42
What is the remainder when 202 is divided by 7?
6
Calculate the remainder when 179 is divided by 9.
8
Calculate the remainder when 1020 is divided by 59.
17
Calculate the remainder when 1423 is divided by 31.
28
What is the remainder when 39 is divided by 24?
15
What is the remainder when 342 is divided by 43?
41
What is the remainder when 265 is divided by 69?
58
Calculate the remainder when 187 is divided by 58.
13
What is the remainder when 942 is divided by 24?
6
Calculate the remainder when 11175 is divided by 23.
20
What is the remainder when 1235 is divided by 26?
13
Calculate the remainder when 298 is divided by 51.
43
What is the remainder when 4451 is divided by 888?
11
What is the remainder when 668 is divided by 96?
92
Calculate the remainder when 9197 is divided by 18.
17
What is the remainder when 102 is divided by 35?
32
What is the remainder when 171 is divided by 61?
49
Calculate the remainder when 5712 is divided by 300.
12
What is the remainder when 354 is divided by 45?
39
Calculate the remainder when 440 is divided by 136.
32
What is the remainder when 389 is divided by 169?
51
What is the remainder when 215 is divided by 72?
71
Calculate the remainder when 1206 is divided by 8.
6
Calculate the remainder when 4700 is divided by 112.
108
What is the remainder when 735 is divided by 239?
18
Calculate the remainder when 1595 is divided by 28.
27
What is the r